y. List the prime factors of y.
3, 41
Let q be 3/((-18)/28)*(-90)/105. Suppose -5*x - g = -859, -3*x + q*g + 478 + 19 = 0. What are the prime factors of x?
3, 19
Suppose -3*b + 27 = -315. Suppose -5*q + 4*q + b = 0. What are the prime factors of q?
2, 3, 19
Suppose -l + 1483 = 4*g - 2801, -6440 = -6*g - 5*l. What are the prime factors of g?
2, 5, 107
Let b(v) be the third derivative of v**6/60 - 7*v**5/60 - v**4/8 + 5*v**3/6 - 8*v**2. List the prime factors of b(5).
5, 13
Let n = 18 + -14. Let q = 7 - n. Suppose q*c = 134 + 4. List the prime factors of c.
2, 23
Suppose -47*j + 79605 + 1047 = 0. What are the prime factors of j?
2, 3, 11, 13
What are the prime factors of 216/(1/1) - (-16 - -15)?
7, 31
Let m = 156 + 130. What are the prime factors of m?
2, 11, 13
Let k(w) = w**2 + 7*w + 2. Let t be k(-6). Let b(s) = s**2 - 2*s - 1. List the prime factors of b(t).
23
Let m = 0 - -1. Let h(d) = -23*d**2 - 16*d + 2*d + m + 24*d**2. What are the prime factors of h(15)?
2
Let f(u) = -u**2 + u. Let b(g) = -16*g**3 + 28*g**2 - 28*g. Let v(r) = -4*b(r) - 112*f(r). Let n be v(-1). Let l = -3 - n. List the prime factors of l.
61
Let o(v) = -6*v - 3. Let w be (-2)/(3/((-3)/2)). Let r be w*(-6)/4*2. What are the prime factors of o(r)?
3, 5
Suppose -2*i - 2*n + 48 = 0, i + 4*n = 2*i - 29. Let b = i + -16. List the prime factors of b.
3
Suppose -3*l + 952 = k, -l - k + 320 = -0*l. What are the prime factors of l?
2, 79
Let v = 19 + -19. Suppose 2*k - 153 = -5*y, 5*y = k - v*k - 99. List the prime factors of k.
2, 3, 7
What are the prime factors of 1598/6 - ((-8)/(-24))/1?
2, 7, 19
Let k = 255 - 115. List the prime factors of k.
2, 5, 7
Suppose -18 = 20*n - 11*n. What are the prime factors of n + 0 + 101 + -8?
7, 13
Let n = 3 + -1. Suppose n*f - f = 53. List the prime factors of f.
53
Let j(q) = 45*q**2 + 4*q - 17. Let g be j(-5). Suppose -g = 7*v - 15*v. List the prime factors of v.
2, 17
Let n be -1*(-3 + (-3)/(-1)). Suppose -2*z + v + 8 = -v, 3*z + 2*v - 2 = n. Suppose 4*c - 28 = -z*r, -4*r + 0*c + 4*c = 4. List the prime factors of r.
2
Suppose -4*t + 6203 = 2259. What are the prime factors of t?
2, 17, 29
What are the prime factors of (-4)/(-40)*-6 - 21552/(-20)?
3, 359
Let f = 3 - -4. Let c(a) = a**3 - 7*a**2 - 6*a - 2. Let l be c(f). Let z = l - -77. List the prime factors of z.
3, 11
Let s be 10/(-35) + 108/(-14). Let i(r) = -r**3 - 9*r**2 - 6*r + 11. Let j be i(s). List the prime factors of (j/(-20))/((-1)/(-148)).
37
Let z(w) = 154*w - 5. Let q(v) = 155*v - 6. Let d(m) = 5*q(m) - 4*z(m). What are the prime factors of d(1)?
149
Suppose -28*g + 28600 = 37*g. List the prime factors of g.
2, 5, 11
Suppose 4*a = -2*f + 6, 0*a = -3*f - a + 14. What are the prime factors of -35*f/((-15)/6)?
2, 5, 7
What are the prime factors of (4494/(-35))/(-1 + (-26)/(-30))?
3, 107
Let m(u) = 81*u - 197. What are the prime factors of m(7)?
2, 5, 37
Let k = 12 - 7. Suppose s - 8 = -f, 2*f - 28 = -0*s - k*s. Suppose f*z = -16, -4*w + 260 = -5*z + z. What are the prime factors of w?
61
What are the prime factors of ((-16)/(-10))/(46/6555)?
2, 3, 19
Suppose -142 = -7*d + 250. List the prime factors of d.
2, 7
Suppose 10*s - 12*s + 8 = 0. Let k(x) = 16*x. List the prime factors of k(s).
2
Let c be -3 + 0 + 0 - 0. Let n be (c + 3)/(2 + -3). Suppose n = -2*s + 29 - 7. What are the prime factors of s?
11
Let q = -20 + 144. Let s = q - -81. Suppose 0 = 5*b - 10*b + s. What are the prime factors of b?
41
Suppose -4*z - 5*y = -631, -2*z - 144 = -3*z - 4*y. What are the prime factors of 1*(-15)/3*z/(-10)?
2, 41
Let a be ((-8)/(-10))/(14/(-35)) - 4. What are the prime factors of (315/6)/(a/(-12))?
3, 5, 7
Suppose 4*i - 380 = 16. List the prime factors of i.
3, 11
Let s be (-28)/(-4)*6 - 2. Suppose -8 = -4*f, 0 = -4*v - 2*f + s + 12. List the prime factors of v.
2, 3
Suppose -19369 = -10*x + 13291. List the prime factors of x.
2, 23, 71
Let l = 118 - 114. Let p be (-1 - -3)*6/4. Suppose l + p = j. What are the prime factors of j?
7
Suppose 3 = 3*y, 5*g + y + 46 = -3*y. Let o(x) = -x - 11. Let k be o(g). List the prime factors of 1/(((-3)/129)/k).
43
Suppose 9*b = 7*b + 188. List the prime factors of (b + 0)/((3 + 0)/3).
2, 47
Let f = 1601 - 1133. Suppose 4*b - 4*h = f, -4*h - 583 = 4*b - 9*b. What are the prime factors of b?
5, 23
Let j be -6*2/(-4) + 1. Suppose -j*m + s = -320, s = -5*m + 70 + 321. Let a = m + -56. List the prime factors of a.
23
Let r be ((-20)/8)/((-1)/2). Suppose -2*k - 19 = k + r*c, -2*c = 10. Suppose k*s = 4 + 2, -126 = -3*q + s. What are the prime factors of q?
43
Let x(t) = 11*t**3 + 4*t**2 - t + 13. List the prime factors of x(3).
7
Suppose 0 = 306*z - 300*z - 6462. List the prime factors of z.
3, 359
Let b be (13/(-2) - 0)*-2. Suppose 8 = -2*x + 16. Let p = x + b. List the prime factors of p.
17
Suppose -6*l - 1 = -13. Suppose -5*o = 2*i - 18, -2*o - o + 14 = l*i. Suppose -39 = -o*k - 5*n, 3*k = -3*n + 73 + 8. What are the prime factors of k?
2
Suppose 28*w = 34*w - 15180. What are the prime factors of w?
2, 5, 11, 23
Let z = -2 + 8. Suppose -4*y - 384 = -z*y. List the prime factors of y.
2, 3
Let n(r) = -r**3 + r**2 - 4*r + 52. Let a be n(0). Suppose 3*t - a = -c + 132, -2*c - 232 = -4*t. List the prime factors of t.
2, 3, 5
Suppose 2*v - 5*b = 14, 0*v = -v + 4*b + 10. Suppose -3*f + 5*f = 4. Suppose 3*j + 21 = v*a, 4*j = a - 0*j + f. List the prime factors of a.
2, 3
Suppose 5*t - 4*b = 5694 + 606, -5*t + 6265 = 3*b. What are the prime factors of t?
2, 157
Let t(f) be the third derivative of -f**7/280 - 5*f**3/6 + 5*f**2. Let j(s) be the first derivative of t(s). List the prime factors of j(-1).
3
Let d = 316 + -218. Let o be d/(-4)*(-8 + 6). What are the prime factors of (-3)/6 + o/2?
2, 3
Let z(j) = 149*j + 2. List the prime factors of z(8).
2, 3, 199
Suppose -64*n = -68*n + 876. Let j = n - 124. What are the prime factors of j?
5, 19
Let p(v) = v**2 + 4*v - 10. Let c be p(2). Suppose -13 = -5*z - h, c*z = -2*z - 2*h + 14. What are the prime factors of z?
2
Suppose 3*x + x - 17 = -5*m, -x = 3*m - 13. Let w be (-12)/(-54) - x/(-9). Suppose -5*g - 4*v = -154, w*g = 2*g - 4*v - 84. What are the prime factors of g?
2, 17
Let i(q) = 51*q**2 - 17*q - 113. What are the prime factors of i(-7)?
3, 5, 167
Let k(w) = 13*w**3 - 2*w**2 + 8*w - 10. Let c be k(2). Let o = 15 + c. What are the prime factors of o?
3, 13
Let z = 8 - 3. Let v be (86 - -4)*(-8)/(-36)*3. Suppose -p - v = -z*p. List the prime factors of p.
3, 5
Suppose 4*b + 1 = -r - 28, b = 2*r + 67. Let g = -22 - r. List the prime factors of g.
11
Suppose 0 = -5*i + 6 + 19. Suppose -85 - i = -6*n. What are the prime factors of n?
3, 5
Let p = -15 + 17. Suppose p*a + 2*s = 18, -4*a - s - 5 = -32. Let y = 1 + a. List the prime factors of y.
7
Let b(q) = 49*q + 55. List the prime factors of b(34).
1721
Let o(j) = 39*j**2 - 7*j - 16. What are the prime factors of o(-3)?
2, 89
Let l = 718 + -383. What are the prime factors of l?
5, 67
Let o be (1 + -1)/(4 - 2). Suppose 4*x + o*x = 64. What are the prime factors of (4 + 3/(-1))*x?
2
Suppose 5*a + 5*d = 10125, 5*a = -3*d + 15569 - 5454. List the prime factors of a.
2, 5, 101
Let c(q) = 66*q**2 + 9*q + 38. List the prime factors of c(-3).
5, 11
Let r be (1 + (-107 - -3 - -2))/(-1). Suppose -35 = -2*q + r. What are the prime factors of q?
2, 17
Let u(q) = -q**3 - 8*q**2 - 8*q - 9. Let b be u(-7). Let a = 4 + b. List the prime factors of a - (-33)/(-6)*-2.
13
Let u = -456 + 770. List the prime factors of u.
2, 157
Let j(k) be the first derivative of -k**2/2 + 5*k + 4. Let o be j(-9). Let b = o + 0. List the prime factors of b.
2, 7
Let x(z) = 88*z**3 - 5*z**2 + 11*z + 10. List the prime factors of x(3).
2, 1187
Let m = 10 + -35. Let o = 308 + m. What are the prime factors of o?
283
Suppose 8*p = 9*p - 1821. What are the prime factors of p?
3, 607
Let s(n) = 23*n**2 - 286*n + 35. What are the prime factors of s(20)?
5, 19, 37
Suppose -10 = 5*x + 15. Let b = x - -8. Suppose -5*z + 9 = g, -6*g + b*g = -3*z - 63. What are the prime factors of g?
19
Let w = 489 + -34. What are the prime factors of w?
5, 7, 13
Suppose -5*p + 27 - 2 = 5*c, 4*p = 3*c + 20. Suppose c = 2*u - 59 - 49. Suppose u = 2*r - 0*r. What are the prime factors of r?
3
Suppose -146 = 3*i - 1265. Let o